 What is the remainder when a is divided by r(-7)?
10
Suppose -4*m + 15*m = 10075 - 9789. What is the remainder when 2905 is divided by m?
19
Suppose 3*b = 2*b + 3. Suppose 0*z - 2*z - 94 = -5*r, 0 = -z + b. What is the remainder when 39 is divided by r - (28/70 + (-14)/10)?
18
Suppose z = 4*c - 25, 5*c + 0*z - 20 = -z. Suppose 4*k + 28 = 156. Let o = k + -23. What is the remainder when o is divided by c?
4
Suppose 5*k - 7*k + 36 = 0. Suppose -u + 4*u - 63 = 0. Suppose -k*d + u*d - 105 = 0. Calculate the remainder when 138 is divided by d.
33
Let f(r) = 56 + 13*r + 34 - 63 + 6*r**2. What is the remainder when 85 is divided by f(-2)?
10
Suppose 4*q + 190 = 5*n, 12*n - 14*n = 2*q - 58. Calculate the remainder when 2*(-4)/(32/(-268)) is divided by n.
33
Suppose 4*y + 2*q - 18 = 0, -2*y - 4*q - 18 = -42. What is the remainder when 167 is divided by ((-3)/y - -1)*6 + 31?
27
Let x be ((-5)/3)/5*27. Let a = x - -40. Calculate the remainder when (5 - (-2 - -8))*-89 is divided by a.
27
Let c(q) = 7*q + 47. Let o be c(-6). Suppose 2*x = -2*j + 122, -4*x + 91 = o*j - 157. Calculate the remainder when x is divided by 20.
17
Suppose -n + 16*g - 12*g = -33, -g + 102 = 2*n. What is the remainder when 114 is divided by n?
16
Let r(g) = -g**3 + 12*g**2 - 21*g + 15. Let m be r(10). What is the remainder when 92 is divided by 24 + 16/(-4) + m?
17
Suppose -3*q - 2*v = -769, 1888 = 5*q + 4*v + 605. Let k = q + -241. Calculate the remainder when 16 is divided by k.
2
Let l be (8/14)/(8/28). Suppose x = -5*m - 12, 4*x + 3*m + 13 = 33. Suppose -l*y + x*y = 126. Calculate the remainder when y is divided by 8.
5
Suppose 9 = 2*v + 3. What is the remainder when (((-6)/(-21))/(72/84))/((-31)/(-2604)) is divided by v?
1
Let z = 18752 - 18668. What is the remainder when 12179 is divided by z?
83
Suppose -11*a = -1634 - 1495 - 1480. Calculate the remainder when a is divided by 89.
63
Suppose 4*k = -3*f - 23, -4*k = -6*k + 4*f + 16. Let q be (20/6)/k*(7 - 10). Suppose 0 = 5*g - 5, q*n = -g + 341. What is the remainder when n is divided by 35?
33
Let f(i) be the first derivative of 5*i**2 + 120*i + 96. Calculate the remainder when 137 is divided by f(-10).
17
Calculate the remainder when ((-153)/(-5))/(3 - (-440)/(-150)) is divided by 223.
13
Suppose 7*h = 3*h + 3*q - 284, -h + 5*q = 71. Let c = h - -128. What is the remainder when c is divided by 13?
5
Suppose -2*i - 5*s + 66 = -2*s, 4*s = -3*i + 98. Suppose -8*l + 2*l = -i. Calculate the remainder when -3 - ((8 - l) + -135) is divided by 13.
12
Let a = 89 - 176. Let j = a - -140. Calculate the remainder when 155 is divided by j.
49
Let s(v) = -44*v + 26. Let g be s(1). What is the remainder when 137 is divided by 2283/33 + -1*g/(-99)?
68
Let k = 13728 - 13715. What is the remainder when 5067 is divided by k?
10
Let x = 5981 + -5939. Calculate the remainder when 136 is divided by x.
10
Let s = 33 + 47. Suppose 70 = -5*q + 5. Let b = q + s. Calculate the remainder when b is divided by 14.
11
Let q(s) = 3*s + 1. Calculate the remainder when (-30930)/(-360) + 20/240 is divided by q(7).
20
Let n = -1456 - -1502. Calculate the remainder when n is divided by 15.
1
Let a = 3467 + -3434. What is the remainder when 206 is divided by a?
8
Let d = 424 - 193. Let j = -178 + d. Calculate the remainder when j is divided by (-1)/(-2)*(27 - -1).
11
Suppose -4*y - 470 = -3*i, 5*y - 668 = -3*i - i. Let g = i + -19. Calculate the remainder when g is divided by 29.
27
Suppose u + 4*h + 1 = -3, 2*u + 4*h = 0. Suppose 9*z - 214 - 119 = 0. Calculate the remainder when z is divided by ((-5)/u - -4)*4.
4
Suppose 0 = 188*u - 192*u - 4*c + 704, 3*c = 15. What is the remainder when 334 is divided by u?
163
Let v(l) = -24*l + 30. Let r(p) = 24*p - 30. Let y(s) = -4*r(s) - 5*v(s). Calculate the remainder when (5 + -7)*(-98)/4 is divided by y(2).
13
Suppose 0*m + 204 = -2*m + 2*n, 4*n + 299 = -3*m. Let o = 136 + m. Suppose -i + 26 = i. Calculate the remainder when o is divided by i.
9
Calculate the remainder when 1723 is divided by (20/(-130) + (-41)/(-13))*9.
22
Let w(s) = -s**3 - 4*s**2 - 4*s. Let u be w(-3). Let o = -10 - -9. Let g = u - o. What is the remainder when 4 is divided by g?
0
Calculate the remainder when 3276/35 - 1 - 3/5 is divided by ((-4)/(-6))/((-32)/(-1776)).
18
Let q(y) = 22*y - 6. Let h = 139681 + -139660. Calculate the remainder when q(4) is divided by h.
19
Let q be (268/(-1))/(3/(-3)). Suppose q = 4*i - 5*p, -3*i = -8*i - 4*p + 294. Suppose 81*t - 600 = 453. What is the remainder when i is divided by t?
10
Let p = -59 + 95. Let v be 0/(((-5)/35)/(2/(-14))). Calculate the remainder when -645*(1/(-3) - v) is divided by p.
35
Suppose 0 = -136*k + 140*k - z - 142, k - 49 = -2*z. What is the remainder when 862 is divided by k?
11
Let s = 27286 - 27109. What is the remainder when 743 is divided by s?
35
Suppose -4*a - 11 = -2*d + 75, -9 = -3*a. Let y(u) = -4*u**2 + 104*u + 21. What is the remainder when d is divided by y(26)?
7
Suppose -2*w - 5*f = -897, -5*w + 257*f = 261*f - 2200. What is the remainder when w is divided by 37?
29
Suppose -7*b + 2*b + 34 = l, 5*l = 20. Let h be -1 + 0 - (24 + 4). Let k = -15 - h. What is the remainder when k is divided by b?
2
Calculate the remainder when (1908/(-14))/((-26)/(5824/48)) is divided by 223.
190
Suppose -2*t + 4*i + 6262 = -3488, -5*t + 2*i + 24399 = 0. Calculate the remainder when t is divided by 14.
9
Let h = 30 - 0. Suppose h = 2*z + 5*u - 80, -5*z = -2*u - 217. What is the remainder when z is divided by 13?
6
Let o(h) = 12*h - 32 + 0*h - 89 - 51. Calculate the remainder when 153 is divided by o(16).
13
Let j(l) = l**2 + 8*l - 5. Let t be j(-7). Let f = 410 + -413. Calculate the remainder when (f/t)/(4/688) is divided by 9.
7
Let s = -348 - -205. Let b = -101 - s. What is the remainder when b is divided by 256/96 - 2160/(-162)?
10
Suppose -s = -3*r - 9, 0 = 3*s - 2*r - 77 + 29. Let x = 20 - s. Suppose -295 = -7*b + x*b. Calculate the remainder when b is divided by 16.
11
Suppose 19*u + 4*u = -1449. Suppose 4*g + 2*i - 62 = 0, i - 6*i + 50 = 3*g. What is the remainder when u*(8 - 208/24) is divided by g?
12
Suppose 100 = -6*t + t. Let a be t/(-15) + 2 - 2/(-3). Suppose -b = -3*v + 7, -2*b + a*v + v - 11 = 0. What is the remainder when b is divided by 2?
0
Let m = 10 - 3. Suppose m*c - 21 = 4*c. Let x = -2181 + 2242. Calculate the remainder when x is divided by c.
5
Calculate the remainder when 8/(-10) + 1423884/55 + -19 is divided by 88.
85
Suppose 4*t + 6*h = 134, -8 = -t - h + 23. Calculate the remainder when 1658 is divided by t.
20
Let o = 2849 - 2807. Suppose -3*y + 4*s = -7, y + 2*y + 5*s = 52. Let t = 6 + y. Calculate the remainder when o is divided by t.
12
Let r = -3754 - -5262. What is the remainder when r is divided by 5?
3
Let c = -238 + 305. Suppose 4*z - 45 = c. What is the remainder when 166 is divided by z?
26
Let t(q) = -q - 1. Let b(y) = 4*y - 59. Let d(s) = -b(s) - 2*t(s). Calculate the remainder when 15 is divided by d(29).
0
Let v(a) = 7*a + 45. Let j be v(21). Suppose 0 = 5*o - 5*s - 486 - 494, -o + j = -3*s. Calculate the remainder when o is divided by 40.
38
Let r(g) = 17*g + 47. Let o be r(-3). Let u(b) = -b**3 - 2*b**2 + 7*b + 11. Calculate the remainder when 55 is divided by u(o).
10
Let c(z) = -8*z - 68. Let d be c(-9). Let i(l) = -2*l**3 + 9*l**2 + 3*l + 3. Calculate the remainder when i(d) is divided by 11.
9
Suppose 24 = 5*m - 21. Suppose -2*g + m = -175. Suppose -i = -1 + 3, 2*i = -2*h + g. Calculate the remainder when 190 is divided by h.
46
Suppose 0 = -9368*s + 9428*s - 8700. What is the remainder when 2305 is divided by s?
130
Let h(z) = -181*z - 2598. Calculate the remainder when h(-17) is divided by 13.
11
Suppose 53 + 76 = -j. Let f = -33 - j. Let o = f - 86. Calculate the remainder when 49 is divided by o.
9
Let l = 195 + -177. Suppose -4*p = -2*o - 922, -3*o = -p - 27 + 245. What is the remainder when p is divided by l?
17
Calculate the remainder when 66 is divided by ((-5145)/175 - -27)/(2/(-25)).
6
What is the remainder when 480 is divided by 56/21 - 164/(-6)?
0
Let i(r) = 2*r + 2 + 35*r**3 + 6*r**2 + 0*r**2 - 36*r**3. Let p(h) = 2*h**2 + 6*h + 2. Calculate the remainder when p(-5) is divided by i(6).
8
Let v = 269 + -85. Suppose -168*s + 24